6
Let k = -1 - 2. Let g(f) be the first derivative of f**3/6 + 2*f**2 + 2*f + 46. Let y(w) be the first derivative of g(w). Determine y(k).
1
Let n(v) be the second derivative of -5/6*v**3 + v**2 - 1/2*v**4 - 1/20*v**5 - 176*v + 0. Let j be (-10)/4*2*1. Determine n(j).
2
Let j(f) = f**3 + 9*f**2 + 9*f + 4. Let m = 263 + -331. Let a = m + 60. What is j(a)?
-4
Suppose 0 = 3*q + 5*b - 38, -6*q - 4*b + 37 = -3*q. Let w(n) = -n**2 + 12*n - 10. Let x be w(q). Let z(t) = -24*t**3 + 2*t - 1. Calculate z(x).
-23
Let q(g) = g - 50. Suppose -3*v = -r - 38, -v + 3*r - 4*r + 22 = 0. Determine q(v).
-35
Suppose -4*d = -0*d - 20. Suppose -44 = -d*f - 34. Let u(p) = 5 - 5 + 4*p - 2*p**2 - p**3 + 3 - f. Determine u(-3).
-2
Suppose 4*l - 55 = 11*j - 12*j, -l + 35 = -4*j. Let u(d) = 6*d - 17. Determine u(l).
73
Suppose 15*c + 9 = 12*c. Let a be (c + 0 - -6) + (81 - -1). Suppose 90*f = a*f - 5. Let g(j) = 3*j**2 + 2*j + 1. Determine g(f).
2
Let o(a) = a**3 - 6*a**2 + 7*a - 2. Suppose -32*h + 40*h = 8. Suppose 0 = y + 4*q - h, 18 = 4*y + 2*q - 0*q. Give o(y).
8
Let u(f) be the first derivative of -f**3/3 + f**2/2 + 56*f - 1246. Determine u(-7).
0
Let h(y) be the third derivative of -y**4/6 + 3*y**3/2 + 3*y**2 - 68*y. Calculate h(1).
5
Let t(r) = -r**2 + 12*r - 8. Suppose 0 = 13*w + 4*w + 3126 - 3347. Determine t(w).
-21
Let s(v) = 406*v + 80. Let a be s(-2). Let l = a + 739. Let y(q) = q**3 - 6*q**2 - 8*q + 8. Give y(l).
1
Let s(t) = 3*t**3 + 3*t**2 - 4*t - 5. Let r(m) = -14*m**3 - 11*m**2 + 17*m + 20. Suppose 18*k + 12 = 12*k. Let o(q) = k*r(q) - 9*s(q). Calculate o(4).
-3
Let g be (-5)/((1320/16)/33). Let a(x) = 32*x + 11. Calculate a(g).
-53
Let c(a) be the third derivative of -87*a**2 + 2/3*a**3 + 0*a - 1/24*a**4 + 0. Determine c(10).
-6
Suppose 3*y + 3*l + 5 = -y, -5*l - 10 = 5*y. Let t(z) = z**2 + 6*z - 2. Let j(f) = f**2 + 1. Let p(u) = y*t(u) - 2*j(u). Give p(6).
-4
Suppose -r - 3*o + 14 = 0, -5 - 11 = -2*r - 2*o. Let n(k) = -2*k**2 + k. Let j(z) = -9*z**2 - 5*z + 3. Let q(g) = r*n(g) - j(g). What is q(9)?
6
Let g(z) = -400*z**2 + 563*z**2 - 5 - 164*z**2 - 3*z. Let c(a) = -2*a. Suppose -4 = -p - 2. Let l be c(p). Determine g(l).
-9
Let n(d) = -d - 4. Let c(j) = -j**2 + 8*j - 9. Let x be c(2). Suppose f + 3*s - 90 = 0, -f + x*s + 82 = -2*s. Let k = f + -93. Give n(k).
2
Let h be -10*((-45)/10 + 5). Let f(s) = 3*s - 4 - 26*s**2 + 12*s**2 + 15*s**2. Give f(h).
6
Let h = 464 - 462. Let w(p) = 8*p**2 - 1 + 6*p**3 - 3*p**3 + 2*p - 4*p**3 - h. Determine w(8).
13
Let z(i) = 3*i**3 - 15*i**2 + 41*i - 68. Let v be z(3). Let f(x) = -28*x**2 - x. What is f(v)?
-29
Let k(y) = 47*y**3 - 9*y**2 + 10*y + 20. Let f(z) = 78*z**3 - 16*z**2 + 20*z + 43. Let n(i) = -3*f(i) + 5*k(i). Calculate n(-5).
-29
Let j = 519 - 509. Let a(l) = -8*l + 6*l**2 - 2 - 6 + 2 - 5*l**2. Give a(j).
14
Let b(q) = -40*q - 1. Let z(l) = 70*l + 60. Let w(s) = 2*b(s) + z(s). Calculate w(8).
-22
Let n = 7 - 20. Let k = 15 + n. Let m(l) = -l + 6 + k*l + l**2 + 5 - 13. Give m(-2).
0
Suppose 5*q = h + 33, 22*h - 17*h = -4*q - 20. Let n = -4 + 12. Let g(s) = s**2 - 3*s + n*s - 2*s**2 - 5. Determine g(q).
-5
Let g(w) = 44*w - 4. Let c(o) = 4*o**2 - 31*o - 435. Let h be c(15). Give g(h).
-4
Let o be (-10120)/(-690)*(-6)/(-8). Let s(d) = d**2 - 7*d - 21. Determine s(o).
23
Let t(i) = 22*i + 177. Let f(l) = -l**2 + 40*l + 321. Let x be f(-7). What is t(x)?
1
Let v(u) be the first derivative of -58 - 1/3*u**3 - 2*u - 7/2*u**2. Calculate v(-5).
8
Suppose 49*w - 57*w + 32 = 0. Suppose -31 = w*y - 15, y = 3*u - 1. Let h(n) be the first derivative of -n**4 + n**3/3 - n**2/2 - n + 1. Give h(u).
5
Suppose c = 5*b + 32 - 59, -5*b + 4*c = -33. Suppose -2*n - 3 = -15. Let y(v) = -2*v - 3*v - v + 4*v + n. Determine y(b).
-4
Suppose -20*j + 3*j = 0. Let l(g) = g**3 + 2*g**2 - g + 8. What is l(j)?
8
Let s be (-188)/(-14) - (-40)/70. Let k(u) = u - 16. Let t be k(s). Let p(d) = 24*d - 2. Let o(q) = 8*q - 1. Let f(z) = -11*o(z) + 4*p(z). Give f(t).
-13
Let i(a) be the third derivative of 2*a**2 - 7/12*a**4 + 25/6*a**3 + 21 - 11/60*a**5 + 1/120*a**6 + 0*a. Give i(12).
1
Let z(g) be the second derivative of g**5/20 + 5*g**4/12 + g**3/2 - 3*g**2/2 - 5*g. Let y be (-13)/(-5) + 15/(-25). Suppose -y*p - 12 = -4. Determine z(p).
1
Let t(b) be the first derivative of b**4/4 - 5*b**3 + 5*b**2 + 16*b + 2056. Give t(14).
-40
Let j(q) = -q**3 - 5*q**2 + 5*q + 1. Let n be j(-6). Suppose 19*y - 15 = 14*y. Let w(k) = 23 - 6*k + y*k - 14. Determine w(n).
-12
Let y(l) = l**2 - 7*l - 1. Suppose -5*i - 4*w = -10, 2*i + 17 = 2*w + 39. Determine y(i).
-7
Let d(x) be the first derivative of -x**3/3 + 12*x**2 + 146*x - 1470. What is d(-5)?
1
Let l(r) = r**3 - 40*r**2 + 81*r**2 - 40*r**2 + 9*r**3. Let s(z) = 3*z + 56. Let w be s(-19). Determine l(w).
-9
Let v(f) = -f**3 + 8*f**2 - f + 7. Let d be v(8). Let y be d*(-6 - (2/1 - 6)). Let h(w) = 7*w - 2*w**y + 0*w + w**2 + 0*w + 10. Calculate h(8).
2
Let h(m) = 54*m - 1893. Let l be h(35). Let n(a) = -a**3 - a**2 + 7*a + 1. What is n(l)?
-2
Let i(k) = -2*k + 13*k - 6 - 21*k**2 + 20*k**2 + 0. Let p be 2/((-18)/45) - -10. What is i(p)?
24
Let h(s) = 1353*s + 1371*s - 18 - 2742*s. Determine h(-7).
108
Let o(b) = b - 131. Let d(h) = 61. Let c(l) = -5*d(l) - 2*o(l). Calculate c(-17).
-9
Let a = 2 - 0. Let f(l) = -4*l**2 - 12*l - 3*l**a + 2*l. Let i(w) = 3*w**2 + 5*w. Let n(p) = -4*f(p) - 9*i(p). Determine n(4).
-4
Suppose 46*b - 16*b = -60. Let q(a) = -a**2 - a - 1. What is q(b)?
-3
Let x(y) = -3*y + 32. Let w be 26/(-6)*(138 - 135). What is x(w)?
71
Let p(t) = -t**3 - 7*t**2 - 2*t - 11. Suppose 3*q - 3157 = -38*q. Suppose w + 10*w = -q. Calculate p(w).
3
Let r(t) = -t**3 - 5*t**2 + 13*t - 2. Let g(j) = -158*j + 8841. Let p be g(56). Determine r(p).
5
Let x(r) = -r - 8. Suppose -28*k - 8 = -29*k. Suppose k*l = 14 - 62. What is x(l)?
-2
Let y = 48 + -54. Let s be y*(-6)/9 + -2. Suppose 3*o = s*o - o. Let k(g) = -g**3 - g**2 - g - 10. Calculate k(o).
-10
Let i(b) = -b**3 + b**2 - 2*b - 8. Let y(v) = 2*v**3 - 7*v**2 + 7*v + 35. Let r(n) = 3*i(n) + y(n). Calculate r(-2).
1
Let j(o) be the first derivative of 3*o**4/4 - o**3/3 + o**2 - o - 1. Let c = 18339 + -18338. What is j(c)?
3
Let a be 6*(-6)/4*272/(-153). Suppose a*u + u + u = 0. Let l(h) = 2*h - 4*h - 1 + 3*h. Give l(u).
-1
Let y(o) be the first derivative of -o**4/4 + 13*o**3/3 + 9*o**2 - 47*o + 2333. Determine y(14).
9
Suppose 78 = -4*r + 214. Suppose -7*n + 5*n = -38. Let a(p) = n + p**2 - 8*p**3 + 16 - r + p. Determine a(-1).
9
Let i(b) be the first derivative of b**4/4 - 4*b**3/3 + b**2/2 - 3*b + 7. Let p = 252 + -75. Let j = -173 + p. Calculate i(j).
1
Let c(y) = -2*y - 22*y + 8*y**2 + 21*y + y**3 + 1 - 12*y. Give c(-10).
-49
Let q(k) = 9*k + 20. Let b = -14515 - -14508. Calculate q(b).
-43
Let r(b) = -12*b**2 + 3*b + 2. Let c(p) = -14*p**2 + 4*p + 3. Let h(z) = 2*c(z) - 3*r(z). Suppose -2*x - 40 = 3*x. Let d = 7 + x. Calculate h(d).
9
Let c(g) = 32*g + 14*g - g**2 - g - 54*g - 2. Suppose 0 = 5*s - 6*s - 5. Let q(h) = h**3 + 4*h**2 - 4*h - 3. Let j be q(s). Calculate c(j).
6
Let l(g) = 39*g**3 - g**2 + 1. Let t be 2 - (-11020)/(-25) - (-8)/(-40). Let f = t - -440. What is l(f)?
39
Let c(x) = -x**3 - 4*x**2 - x + 1. Let d(f) = -450*f + 5846. Let n be d(13). Give c(n).
5
Let p(x) = 47*x + 291. Let a be p(-6). Suppose -a*d + 3*d = -4*d. Let h(b) = -b**3 + b**2 - b - 19. Calculate h(d).
-19
Let k(h) = 26*h - 8. Let l(w) = -17*w + 5. Let o(m) = -5*k(m) - 8*l(m). Let v be o(1). Let s(b) = 10. Let p(g) = g + 1. Let r(q) = 4*p(q) - s(q). What is r(v)?
18
Let t = 234 - 219. Suppose -7*c + t*c = -16. Let u(q) = 7*q**2 + q - 2. What is u(c)?
24
Let v(o) = o**3 + o**2 + 10. Suppose -2*a = 5*x - 2, -3*x - 5 = -8*x - 5*a. Let d be ((1 + 0)*x)/(-2). Calculate v(d).
10
Let v(m) = 27641 - 27671 + 2*m**2 + 13*m - m. Calculate v(-8).
2
Let q be (3 + (1 - 1))*9. Suppose -3*u + q = 9. Let c(a) = -1 + 27*a - 17*a - a**2 - u. What is c(6)?
17
Let n(g) be the first derivative of -g**5/120 - 9*g**4/8 + 161*g**3/3 + 236. Let o(l) be the third derivative of n(l). What is o(-19)?
-8
Let w = 0 - 0. Let i(s) be the second derivative of s**4/12 + s**3/3 + 7*s**2/2 - 339*s - 5. Give i(w).
7
Let m be ((-15)/(-5))/(357/(-1190)). Let j(y) = 4*y + 55. Give j(m).
15
Let v(i) be th